{"id":4482,"date":"2024-04-23T20:41:36","date_gmt":"2024-04-23T20:41:36","guid":{"rendered":"https:\/\/fgbconstrucciones.es\/?page_id=4482"},"modified":"2024-04-23T20:41:36","modified_gmt":"2024-04-23T20:41:36","slug":"politica-privacidad-2","status":"publish","type":"page","link":"https:\/\/fgbconstrucciones.es\/?page_id=4482","title":{"rendered":"T\u00e9rminos y condiciones"},"content":{"rendered":"\n<p><strong>T\u00e9rminos y Condiciones de Uso<\/strong><\/p>\n\n\n\n<p>Bienvenido a FGB Construcciones. Estos t\u00e9rminos y condiciones rigen tu uso de nuestro sitio web. Al acceder a este sitio web, aceptas estos t\u00e9rminos y condiciones en su totalidad. Si no est\u00e1s de acuerdo con alguno de estos t\u00e9rminos, por favor abstente de utilizar nuestro sitio.<\/p>\n\n\n\n<p><strong>Uso del Sitio Web<\/strong><\/p>\n\n\n\n<p>El contenido de las p\u00e1ginas de este sitio web es solo para tu informaci\u00f3n general y uso. Est\u00e1 sujeto a cambios sin previo aviso.<\/p>\n\n\n\n<p>Ni nosotros ni terceros ofrecemos garant\u00eda alguna en cuanto a la exactitud, puntualidad, rendimiento, integridad o adecuaci\u00f3n de la informaci\u00f3n y los materiales encontrados u ofrecidos en este sitio para un prop\u00f3sito particular. Reconoces que dicha informaci\u00f3n y materiales pueden contener inexactitudes o errores y renunciamos expresamente a cualquier responsabilidad por tales inexactitudes o errores en la m\u00e1xima medida permitida por la ley.<\/p>\n\n\n\n<p><strong>Propiedad Intelectual<\/strong><\/p>\n\n\n\n<p>Este sitio web contiene material que es propiedad o est\u00e1 licenciado por nosotros. Este material incluye, pero no se limita a, el dise\u00f1o, la disposici\u00f3n, el aspecto, la apariencia y los gr\u00e1ficos. Queda prohibida la reproducci\u00f3n de este material salvo de conformidad con el aviso de copyright, que forma parte de estos t\u00e9rminos y condiciones.<\/p>\n\n\n\n<p><strong>Enlaces a Otros Sitios<\/strong><\/p>\n\n\n\n<p>Nuestro sitio web puede contener enlaces a otros sitios web que son proporcionados \u00fanicamente para tu conveniencia. No tenemos control sobre el contenido de esos sitios web y no aceptamos responsabilidad alguna por ellos.<\/p>\n\n\n\n<p><strong>Limitaci\u00f3n de Responsabilidad<\/strong><\/p>\n\n\n\n<p>En la m\u00e1xima medida permitida por la ley aplicable, excluimos todas las garant\u00edas, expresas o impl\u00edcitas, en relaci\u00f3n con el uso de este sitio web y cualquier otro sitio web vinculado al mismo. No seremos responsables ante ninguna parte por ning\u00fan da\u00f1o directo, indirecto, especial o consecuente derivado del uso de este sitio web o de cualquier otro sitio web vinculado al mismo.<\/p>\n\n\n\n<p><strong>Modificaciones de T\u00e9rminos y Condiciones<\/strong><\/p>\n\n\n\n<p>Nos reservamos el derecho de modificar estos t\u00e9rminos y condiciones en cualquier momento. Los cambios entrar\u00e1n en vigencia inmediatamente despu\u00e9s de su publicaci\u00f3n en el sitio web. Al continuar utilizando este sitio web despu\u00e9s de la publicaci\u00f3n de cualquier modificaci\u00f3n, aceptas los t\u00e9rminos y condiciones modificados.<\/p>\n\n\n\n<p><strong>Ley Aplicable<\/strong><\/p>\n\n\n\n<p>Estos t\u00e9rminos y condiciones se rigen por las leyes de [pa\u00eds] y cualquier disputa relacionada con estos t\u00e9rminos y condiciones estar\u00e1 sujeta a la jurisdicci\u00f3n exclusiva de los tribunales de Murcia\/Espa\u00f1a.<\/p>\n\n\n\n<p>Si tienes alguna pregunta sobre estos t\u00e9rminos y condiciones, por favor cont\u00e1ctanos.<\/p>\n\n\n\n<p>Fecha de vigencia: Abril 2024<\/p>\n","protected":false},"excerpt":{"rendered":"<p>T\u00e9rminos y Condiciones de Uso Bienvenido a FGB Construcciones. Estos t\u00e9rminos y condiciones rigen tu uso de nuestro sitio web. Al acceder a este sitio web, aceptas estos t\u00e9rminos y condiciones en su totalidad. Si no est\u00e1s de acuerdo con alguno de estos t\u00e9rminos, por favor abstente de utilizar nuestro sitio. Uso del Sitio Web [&hellip;]<\/p>\n","protected":false},"author":1,"featured_media":0,"parent":0,"menu_order":0,"comment_status":"closed","ping_status":"closed","template":"","meta":{"inline_featured_image":false,"footnotes":""},"aioseo_notices":[],"_links":{"self":[{"href":"https:\/\/fgbconstrucciones.es\/index.php?rest_route=\/wp\/v2\/pages\/4482"}],"collection":[{"href":"https:\/\/fgbconstrucciones.es\/index.php?rest_route=\/wp\/v2\/pages"}],"about":[{"href":"https:\/\/fgbconstrucciones.es\/index.php?rest_route=\/wp\/v2\/types\/page"}],"author":[{"embeddable":true,"href":"https:\/\/fgbconstrucciones.es\/index.php?rest_route=\/wp\/v2\/users\/1"}],"replies":[{"embeddable":true,"href":"https:\/\/fgbconstrucciones.es\/index.php?rest_route=%2Fwp%2Fv2%2Fcomments&post=4482"}],"version-history":[{"count":1,"href":"https:\/\/fgbconstrucciones.es\/index.php?rest_route=\/wp\/v2\/pages\/4482\/revisions"}],"predecessor-version":[{"id":4483,"href":"https:\/\/fgbconstrucciones.es\/index.php?rest_route=\/wp\/v2\/pages\/4482\/revisions\/4483"}],"wp:attachment":[{"href":"https:\/\/fgbconstrucciones.es\/index.php?rest_route=%2Fwp%2Fv2%2Fmedia&parent=4482"}],"curies":[{"name":"wp","href":"https:\/\/api.w.org\/{rel}","templated":true}]}}